rt -311 (base 5) to base 8.
-121
-111 (base 11) to base 3
-11221
Convert 10 (base 16) to base 8.
20
What is -56 (base 9) in base 13?
-3c
What is -10 (base 10) in base 8?
-12
200 (base 4) to base 12
28
What is 11 (base 4) in base 11?
5
10 (base 7) to base 9
7
What is 5 (base 9) in base 4?
11
Convert 102 (base 3) to base 14.
b
What is 10e (base 16) in base 5?
2040
34 (base 6) to base 9
24
-21 (base 16) to base 8
-41
-47 (base 12) to base 14
-3d
What is 29 (base 14) in base 2?
100101
What is 2 (base 14) in base 3?
2
What is -13 (base 4) in base 11?
-7
8 (base 9) to base 13
8
What is -2 (base 14) in base 13?
-2
What is -95 (base 16) in base 7?
-302
What is -c (base 13) in base 7?
-15
44 (base 8) to base 7
51
Convert 3 (base 5) to base 3.
10
Convert -12 (base 11) to base 12.
-11
-5 (base 11) to base 5
-10
Convert -102 (base 8) to base 9.
-73
-27 (base 15) to base 2
-100101
-4 (base 12) to base 9
-4
What is 7 (base 12) in base 4?
13
Convert -10001 (base 3) to base 6.
-214
What is 10 (base 7) in base 11?
7
What is 1011 (base 3) in base 15?
21
What is 1a (base 16) in base 8?
32
Convert 105 (base 6) to base 14.
2d
Convert 40 (base 10) to base 12.
34
What is -7c (base 13) in base 14?
-75
Convert c (base 13) to base 7.
15
Convert -4 (base 8) to base 13.
-4
111 (base 2) to base 13
7
Convert 3c (base 15) to base 5.
212
12 (base 10) to base 11
11
-1 (base 7) to base 15
-1
-1 (base 2) to base 9
-1
1 (base 8) to base 2
1
-101000 (base 2) to base 5
-130
Convert 3 (base 13) to base 2.
11
3 (base 4) to base 12
3
Convert -4 (base 10) to base 7.
-4
What is 24 (base 8) in base 15?
15
What is b (base 12) in base 11?
10
Convert -52 (base 15) to base 7.
-140
Convert 4 (base 9) to base 4.
10
10 (base 13) to base 6
21
Convert -45 (base 9) to base 6.
-105
-11010 (base 2) to base 7
-35
1 (base 10) to base 3
1
What is 0 (base 10) in base 8?
0
Convert 5 (base 16) to base 2.
101
-35 (base 13) to base 12
-38
Convert 5 (base 13) to base 15.
5
What is 101001 (base 2) in base 14?
2d
ff (base 16) to base 3
100110
-15 (base 7) to base 13
-c
What is 4 (base 11) in base 15?
4
Convert -16 (base 11) to base 4.
-101
5 (base 12) to base 4
11
Convert 23 (base 8) to base 3.
201
Convert -4 (base 12) to base 11.
-4
-125 (base 11) to base 2
-10010100
What is 102 (base 3) in base 9?
12
Convert 4 (base 13) to base 14.
4
-110001 (base 2) to base 8
-61
What is 10 (base 16) in base 9?
17
What is -3 (base 9) in base 2?
-11
What is -1 (base 13) in base 12?
-1
1304 (base 6) to base 9
404
92 (base 11) to base 13
7a
What is 4 (base 6) in base 14?
4
Convert -61 (base 11) to base 3.
-2111
3 (base 10) to base 15
3
Convert -3 (base 9) to base 4.
-3
What is -d (base 15) in base 5?
-23
Convert -34 (base 9) to base 13.
-25
-6 (base 13) to base 2
-110
Convert 12 (base 12) to base 6.
22
Convert 3 (base 11) to base 16.
3
Convert b (base 15) to base 16.
b
-1 (base 13) to base 9
-1
4 (base 11) to base 14
4
31 (base 10) to base 7
43
What is -ab (base 13) in base 3?
-12020
What is -86 (base 9) in base 4?
-1032
Convert 3 (base 11) to base 6.
3
What is 0 (base 7) in base 8?
0
Convert -b (base 12) to base 2.
-1011
Convert -14 (base 14) to base 4.
-102
-7 (base 16) to base 9
-7
Convert -4 (base 12) to base 13.
-4
What is 1 (base 13) in base 9?
1
Convert -6 (base 15) to base 12.
-6
Convert -12 (base 12) to base 8.
-16
What is 4 (base 12) in base 13?
4
Convert 27 (base 11) to base 8.
35
36 (base 13) to base 4
231
What is 1 (base 7) in base 2?
1
What is -11 (base 10) in base 6?
-15
-2 (base 5) to base 13
-2
Convert 11211 (base 3) to base 4.
2002
Convert -32 (base 7) to base 9.
-25
-6 (base 7) to base 15
-6
Convert 7 (base 10) to base 4.
13
Convert -22 (base 3) to base 6.
-12
-142 (base 5) to base 11
-43
What is -8a (base 14) in base 11?
-101
What is -10012 (base 3) in base 11?
-79
-12 (base 3) to base 14
-5
Convert -10 (base 6) to base 2.
-110
Convert -42 (base 11) to base 13.
-37
Convert 85 (base 11) to base 9.
113
Convert -12 (base 3) to base 11.
-5
16 (base 16) to base 7
31
What is -186 (base 14) in base 11?
-266
What is -17c (base 15) in base 2?
-101010110
What is 5 (base 13) in base 5?
10
What is -24 (base 5) in base 7?
-20
223 (base 11) to base 9
326
4a (base 13) to base 3
2022
What is -1 (base 6) in base 13?
-1
Convert -4 (base 13) to base 11.
-4
What is 116 (base 9) in base 10?
96
-1221 (base 3) to base 6
-124
-8 (base 9) to base 12
-8
0 (base 15) to base 8
0
What is -112 (base 13) in base 16?
-b8
2 (base 4) to base 14
2
2 (base 7) to base 2
10
-102102 (base 3) to base 14
-180
Convert 21 (base 5) to base 4.
23
12 (base 4) to base 12
6
-34 (base 15) to base 10
-49
Convert -1 (base 16) to base 6.
-1
Convert -1 (base 15) to base 6.
-1
-22122 (base 3) to base 7
-452
Convert -10 (base 6) to base 15.
-6
3 (base 11) to base 9
3
13 (base 14) to base 5
32
Convert 1 (base 13) to base 6.
1
Convert -7 (base 11) to base 6.
-11
111 (base 2) to base 16
7
What is -343 (base 7) in base 14?
-ca
-7f (base 16) to base 6
-331
What is -4 (base 8) in base 11?
-4
What is -131 (base 9) in base 13?
-85
Convert 73 (base 13) to base 6.
234
2 (base 14) to base 9
2
Convert -110100 (base 2) to base 11.
-48
204 (base 8) to base 4
2010
54 (base 7) to base 10
39
What is 100000 (base 2) in base 5?
112
Convert -7 (base 10) to base 2.
-111
What is 1a (base 15) in base 7?
34
Convert -3a (base 11) to base 14.
-31
What is 3 (base 8) in base 9?
3
Convert 237 (base 8) to base 3.
12220
Convert 3 (base 8) to base 10.
3
What is -1 (base 14) in base 15?
-1
-36 (base 11) to base 10
-39
Convert 2a (base 13) to base 6.
100
What is 12 (base 4) in base 13?
6
10 (base 5) to base 15
5
-10 (base 5) to base 15
-5
-9 (base 13) to base 11
-9
What is -100020 (base 3) in base 7?
-504
What is -150 (base 6) in base 5?
-231
What is -22 (base 11) in base 15?
-19
20 (base 11) to base 14
18
What is 29 (base 15) in base 11?
36
Convert 3 (base 8) to base 14.
3
-122 (base 4) to base 15
-1b
What is -122 (base 4) in base 7?
-35
-3 (base 8) to base 12
-3
Convert 211 (base 3) to base 16.
16
What is -1 (base 16) in base 13?
-1
What is -2 (base 14) in base 4?
-2
11 (base 9) to base 6
14
What is -2 (base 12) in base 2?
-10
Convert 71 (base 9) to base 15.
44
Convert -123 (base 4) to base 9.
-30
24 (base 10) to base 5
44
Convert -4 (base 15) to base 10.
-4
What is 0 (base 16) in base 8?
0
7 (base 10) to base 13
7
Convert -1a (base 12) to base 9.
-24
4 (base 11) to base 3
11
8 (base 10) to base 14
8
Convert a9 (base 14) to base 15.
9e
-1001001 (base 2) to base 5
-243
2 (base 4) to base 6
2
Convert -8 (base 14) to base 10.
-8
What is 1b (base 13) in base 2?
11000
What is 133 (base 4) in base 8?
37
What is -75 (base 10) in base 9?
-83
What is 1 (base 11) in base 9?
1
Convert 2 (base 6) to base 15.
2
What is -7 (base 10) in base 6?
-11
Convert -1140 (base 5) to base 11.
-145
-11101 (base 2) to base 6
-45
Convert -123 (base 4) to base 11.
-25
Convert -54 (base 7) to base 15.
-29
-6 (base 14) to base 4
-12
31 (base 12) to base 15
27
170 (base 9) to base 11
121
Convert 14 (base 9) to base 11.
12
Convert -11 (base 6) to base 13.
-7
Convert -4 (base 11) to base 4.
-10
Convert 16 (base 15) to base 16.
15
What is -12 (base 7) in base 8?
-11
Convert -68 (base 11) to base 9.
-82
116 (base 10) to base 13
8c
Convert 38 (base 12) to base 5.
134
5 (base 11) to base 7
5
What is 1011 (base 3) in base 16?
1f
Convert -1331 (base 6) to base 2.
-101010111
-21 (base 6) to base 11
-12
Convert 110 (base 2) to base 13.
6
3 (base 15) to base 6
3
What is -1100100 (base 2) in base 3?
-10201
-1a (base 13) to base 4
-113
Convert -46 (base 7) to base 15.
-24
57 (base 12) to base 3
2111
Convert -3 (base 16) to base 4.
-3
What is 2 (base 14) in base 5?
2
Convert -11 (base 4) to base 2.
-101
What is -1111011 (base 2) in base 12?
-a3
Convert 100000011 (base 2) to base 4.
10003
-35 (base 6) to base 15
-18
What is 3 (base 16) in base 3?
10
What is -2 (base 5) in base 9?
-2
51 (base 6) to base 2
11111
10 (base 5) to base 13
5
What is -3 (base 4) in base 16?
-3
-33 (base 4) to base 3
-120
-3 (base 16) to base 4
-3
5 (base 9) to base 3
12
What is -7 (base 11) in base 9?
-7
What is -1 (base 11) in base 10?
-1
Convert 1022 (base 3) to base 10.
35
-1a (base 12) to base 6
-34
What is b (base 15) in base 14?
b
Convert -51 (base 16